 units digit of 12/8*(k/3)/1?
1
Let a(d) = 46*d + 90. What is the units digit of a(21)?
6
Let n(f) = 3*f + 5. Let p be n(-2). Let z = 0 + p. What is the units digit of (z - -6)*(-1 + 2)?
5
Suppose 20 - 58 = 2*k. Let o = k - -23. Suppose 4*l = o*j - 2*j - 74, -4*l = 5*j - 129. What is the units digit of j?
9
Suppose -720 = -2*x - x. Suppose 3*v = -d + x, -3*v = -5*d + d - 225. What is the units digit of v?
9
Let h(j) = j**3 - 8*j**2 - 3*j - 20. Let f be h(11). Suppose -5*k + 255 + f = 0. What is the hundreds digit of k?
1
Let q = 1193 + -571. What is the hundreds digit of q?
6
Let b be 2/(-6) + 588/(-18). Let y = b - -32. What is the units digit of y*-13*(6 + -1)?
5
Let h(u) be the third derivative of -u**4/4 - u**3/3 - u**2. Let t(a) = a**2 - 6*a + 6. Let i be t(4). What is the units digit of h(i)?
0
What is the tens digit of 2223 + -129 - (-6 - -1)?
9
Let h(q) = -q**3 - 2*q**2 + 5*q + 6. Let s be h(-3). Suppose s = -2*f - 4*w - 56, -4*f + 3*f + 3*w = 28. What is the tens digit of 14/f + 33/2?
1
Let j(n) = -n + 6. Let z be (21/7)/(1 + 0). Suppose z*o - p - 18 = p, -p + 13 = 4*o. What is the units digit of j(o)?
2
Let n be ((-46)/2)/(7 + -8). What is the units digit of 1769/n + (-14)/(-161)?
7
Let p(g) = 37*g**3 - 4*g**2 - 3*g + 4. Let z be p(-2). Let n = -174 - z. What is the hundreds digit of n?
1
Suppose 3*b = 5*t + 546, -4*t - 1 - 11 = 0. Suppose -b = -5*k - 82. What is the tens digit of k?
1
What is the tens digit of 1472 + -2 + (10 - -8)/9?
7
Let f(d) = 3*d - 4. Let x(t) = -t - 6. Let u be x(-9). Suppose -b + u*b - 12 = 0. What is the units digit of f(b)?
4
Let y(p) = -5*p. Let b be y(2). Let m be ((-5)/(-2))/((-1)/b). Suppose 5*k = 30 + m. What is the tens digit of k?
1
Let f = 3900 - 589. What is the units digit of f?
1
Let f(d) be the second derivative of -7*d**3/3 + 2*d**2 - 2*d. What is the units digit of f(-6)?
8
Suppose -71*z + 54*z = -51306. What is the hundreds digit of z?
0
Let i(r) = -r. Let k(g) = -10*g + 8. Let y(o) = 4*i(o) - k(o). What is the units digit of y(5)?
2
Let k(r) = -r - 6. Let h be k(-10). Let a be ((-90)/(-21))/((-2)/(-70)). Suppose -h*o - o = -a. What is the tens digit of o?
3
Let h(c) = c**3 + c**2 + 13*c + 71. What is the tens digit of h(0)?
7
Let x be (7 - 11)*22/4. Let p be (-11)/x - 9/(-2). Suppose 0 = 4*v + p*r - 173, 5*v - 208 = 5*r - 3. What is the tens digit of v?
4
Let r be ((-12)/7)/((-6)/(-42)). What is the tens digit of (-1408)/(-18) - 3*r/(-162)?
7
Suppose -f = -242 - 52. What is the tens digit of f?
9
Let f = 1447 + -805. What is the tens digit of f?
4
Suppose -11*k = -6*k - 350. What is the units digit of (-1010)/(-6) - k/(-42)?
0
What is the tens digit of (-20)/6*(-239970)/475?
8
Suppose 5*z - 10*z - 20 = 0. Let o be (6/(-2) - z) + 0. What is the units digit of 8 - (o - -1 - 5)?
1
Let g = -1721 - -5812. What is the tens digit of g?
9
Suppose v - 20 = -2. What is the tens digit of v/(-6) + (-2 - -37)?
3
Suppose -6 = 3*g + 3*i - 180, 2*g + i - 119 = 0. Let q = 113 - g. Let y = q - 37. What is the units digit of y?
5
Let f be ((-4)/6)/((-2)/(-66)). Let s(q) = q**2 + 12*q. Let a be s(-7). Let i = f - a. What is the units digit of i?
3
Let d(b) = b**2 + 3*b - 4. Let v be d(-4). Suppose 0 = 4*t, 0*y + 3*y - 5*t + 15 = v. Let s = y + 24. What is the tens digit of s?
1
Let b(g) = 2*g - 41. Let v(o) = -3*o + 42. Let z(r) = -5*b(r) - 4*v(r). What is the units digit of z(6)?
9
Suppose -4*l = -11*l + 3164. What is the hundreds digit of l?
4
Let c(w) = -3*w**2 - 11*w - 2. Let z be c(-4). Let q = z - -100. What is the units digit of q?
4
What is the thousands digit of (-7)/6 - 382112/(-192)?
1
Suppose 14*g - 13370 = 13006. What is the thousands digit of g?
1
Suppose -2613*a = -2607*a - 18564. What is the hundreds digit of a?
0
Let b(p) = p**3 + 23*p**2 + 20*p - 51. Let t be b(-22). What is the units digit of 2/t + (-2342)/(-14) + -4?
3
Suppose 2*c - 1416 = -3*d, -22*d - 479 = -23*d - 3*c. What is the hundreds digit of d?
4
Suppose 0 = -16*s - s - 442. Let d(i) = -7*i - 1. Let b be d(7). Let c = s - b. What is the units digit of c?
4
Let g be 219/2 + 1/2. Let f be -2 + 3 + 0 + g. Suppose l - 6*l + f = -a, 0 = l - 4*a - 26. What is the tens digit of l?
2
Let w be 1/((-12)/16 + (-2)/(-2)). Suppose 4*a = 2*a + 5*z + 219, -w*a - z = -449. What is the units digit of a?
2
Let m = 54 + -90. Let n = m - -60. Suppose k - n - 13 = 0. What is the units digit of k?
7
Suppose f + 2*f = -2*q - 10, 3*q + 15 = 4*f. Suppose -4*w + f*w = -k + 20, 4*k - 3*w = 28. Suppose 3*u - 43 = -k. What is the tens digit of u?
1
Let a = -214 - -386. What is the units digit of a?
2
Suppose 5*i = 38 - 8. Suppose 0 = -5*h + f + 482, -194 = -8*h + i*h + f. What is the tens digit of h?
9
Let d(i) = -2*i**2 - 37*i - 16. Let k be d(-18). Suppose -s = -5*o + 262, k*s = -4*o - 3 + 207. What is the units digit of o?
2
Suppose 0 - 5 = 5*t. Let v be 15/(-3) - (-2 + t). Let x = 24 + v. What is the units digit of x?
2
Suppose -433 = -4*c + 471. Let r = c - 61. What is the units digit of r?
5
Let q be 8/(-14) + 24/42. Suppose -167 = -d - 2*r - 25, -d - r + 145 = q. Suppose -174 = -7*i + d. What is the tens digit of i?
4
Suppose p + 2*p = -m + 16, -5*m = -5*p. Suppose m*k + 2*k - 330 = 0. What is the tens digit of k?
5
Let f = -2 - -4. Suppose f*m - 7 = u, 3*m = 4*u - 0*m + 18. Let w(g) = 6*g**2 + 2. What is the tens digit of w(u)?
5
Let d(g) = 3*g**2 - 19*g - 122. What is the units digit of d(18)?
8
Let m(u) = -2*u + 16. Let b(k) = -1. Let w(g) = 22*b(g) + 2*m(g). What is the tens digit of w(-13)?
6
Let w = 37 + -37. Suppose -5*l + l + 5*s - 15 = w, 3*l - 9 = -3*s. Suppose -n - n + y + 38 = l, -92 = -5*n + y. What is the units digit of n?
8
Let n = 1173 + -864. What is the tens digit of n?
0
What is the hundreds digit of (-7 + (-8110)/(-30))*(-45)/(-6)?
9
Let j(c) = c**2 + 2*c + 8. Let i be j(0). What is the units digit of (-242)/(-8) - i/32?
0
Suppose -7*q + q = -48. Suppose -q*z + z = -371. What is the units digit of z?
3
Let m(g) = -24*g - 13. Let t(i) = -312*i - 168. Let b(z) = 27*m(z) - 2*t(z). Let c be b(-6). Suppose -c = -3*f - 12. What is the tens digit of f?
3
Suppose -14*c + 11*c - 2739 = 0. What is the hundreds digit of (-14)/(-35) + (-1 - c/5)?
1
Let m = 1051 + -157. What is the units digit of m?
4
Let q = 1 - -2. Suppose 0*b = -b + q. Suppose -48 = g - b*g. What is the tens digit of g?
2
Suppose g = 17 - 5. Suppose -w - o = 2*o - 9, -5*w + 4*o = g. Suppose 3*x - 9*x + 54 = w. What is the units digit of x?
9
Suppose s = -4*s - 30. Let o(c) = -c**3 - 5*c**2 + 7*c - 1. Let l(t) = t**3 + 5*t**2 - 7*t. Let g(r) = -3*l(r) - 4*o(r). What is the tens digit of g(s)?
1
Let k be ((-999)/(-54))/((-2)/(-4)). Let b = 80 + k. What is the hundreds digit of b?
1
Let a = 16 - -524. What is the hundreds digit of a?
5
Suppose -5*a = 4*n - 14, -a + 0 = 2*n - 10. Suppose 0 = n*l - 5 - 277. What is the units digit of l?
7
Let y(s) = s + 1. Let w(j) = 7*j**3 - j**2 - 6*j - 6. Let l(u) = 3*w(u) + 21*y(u). Let a be l(3). What is the tens digit of a/9 - 7/21?
6
Let a(c) = c**2 + 76. Let v be a(0). Let z = v + -37. Let b = -14 + z. What is the tens digit of b?
2
Let b(g) = 5*g + 29. Let h be b(7). Let z = h + -38. What is the tens digit of z?
2
Let l(t) = 9*t**2 + 49*t - 42. What is the tens digit of l(-18)?
9
Let d(w) = -w - 9. Let k be d(-7). Let m be ((-11)/4)/(k/32). What is the units digit of (-16)/56 - m/(-7)?
6
Suppose 0 = -4*n + 203 + 2213. What is the units digit of n?
4
Let p = 28 + -47. Let t = p - -69. What is the tens digit of t?
5
Let o = 2 + 4. Let q = 7 + o. Suppose -2*g - 5*w = -101, 3*g - 5*w - q = 2*g. What is the tens digit of g?
3
Let c(p) = p - 2. Let j be c(-41). Suppose 4*b + 120 = 2*i, -2*b - 68 = 3*i - 0*i. Let d = b - j. What is the tens digit of d?
1
Suppose 20 = 5*k + 2*h, 6*h - h = 5*k + 15. Suppose 3*i + 2*w = 212, -7*i - w = -k*i - 365. What is the units digit of i?
4
Let s = -12 + 14. Suppose 0 = 2*i - s - 6. Suppose i*z - 34 - 46 = 0. What is the units digit of z?
0
Let n(l) = -l - 7. Let s be n(-11). Suppose -5*z = -s*u + 257, -2*u - 5*z + 4 = -117. What is the units digit of u?
3
Let d = -14 - -26. What is the units digit of -6*(d/(-8) + -4)?
3
Let s be 31 + 13 + 1/1 + -4. What is the units digit of -2 + (s/3*3 - 0)?
9
Let o(l) =